92 is divided by m.
17
Let d(x) = -x**3 + x + 3. Let j = 2 - 2. Let f be d(j). Suppose m - 20 = f. Calculate the remainder when m is divided by 8.
7
Suppose -3*a = 3*q - 27, a + 0 = -3*q + 21. What is the remainder when 21 is divided by q?
3
Let q be 2/(-2)*(41 + 12). Let d = -27 - q. What is the remainder when d is divided by (-42)/(-4)*(-8)/(-6)?
12
Suppose 2*w - 33 = -7. What is the remainder when w is divided by 5?
3
Suppose -4*j + 22 = 2*w, 4*j = -5*w + 58 + 21. Calculate the remainder when 36 is divided by w.
17
Suppose 2*z - 4*z = -3*a - 22, 5*z = a + 29. Let m(h) = 3*h - 7. Calculate the remainder when m(z) is divided by 3.
2
Let b(s) = -s**2 + 19*s + 8. What is the remainder when b(10) is divided by 34?
30
Let a(m) = m**2 - 7*m + 9. Let l = 19 - 13. What is the remainder when 5 is divided by a(l)?
2
Calculate the remainder when (-2)/((-12)/225)*(-2)/(-3) is divided by 13.
12
Suppose 2*s - 61 = 19. What is the remainder when 76 is divided by s?
36
Suppose -2*d = -3*d + x + 37, 2*d + 3*x = 49. Calculate the remainder when d is divided by 9.
5
Let g = 24 + -17. Let u(q) = q**3 - 6*q**2 + 5*q - 5. Let i be u(5). Let m = 8 + i. Calculate the remainder when g is divided by m.
1
Let q(o) = o**3 + 6*o**2 - 8*o + 6. Let d = -11 - -4. Suppose 0 = -3*g - 4*f + 99, 0 = -g + 2*f - 6*f + 25. What is the remainder when g is divided by q(d)?
11
Let b be -6*(8/3)/(-4). Suppose -p = b - 45. What is the remainder when p is divided by 11?
8
Let a(z) = 2*z**3 - z**2 + z - 1. Calculate the remainder when 1 is divided by a(1).
0
Suppose 0*p + 15 = 3*p. What is the remainder when 12 is divided by p?
2
Let w be -1 - (0 + -1 - 38). Suppose -4*a - 5*r + 38 = 0, 3*a + 3*r + 16 - 43 = 0. Calculate the remainder when (w/4*-2)/(-1) is divided by a.
5
Let l = 151 - 100. Calculate the remainder when l is divided by 18.
15
Let i(z) = -31*z + 4. Let j be i(-3). Let m = 15 - 11. Suppose 5*u + r = j - 2, 0 = m*r + 20. What is the remainder when u is divided by 11?
9
Let p = 6 + -1. Suppose -p*b + 10 = -0*b. Calculate the remainder when 2 is divided by b.
0
Suppose -5*z = 4*g - 84, -z - 2*g = -6*g - 12. Calculate the remainder when (-88)/(-3) - 6/(-9) is divided by z.
14
Let k = -2 + 14. Let i be (3/6)/(1/74). What is the remainder when (i - 1) + 3 + -4 is divided by k?
11
Suppose 2 = -5*z + 7. What is the remainder when z is divided by -4*(-3)/24*2?
0
Let g(p) = -p. Let h be g(0). Let z = 5 - h. Suppose -57 = -2*m + 3*q - z, 2*q = 4. What is the remainder when m is divided by 15?
14
Let s(p) = 2*p**2 + p + 1. Calculate the remainder when 85 is divided by s(3).
19
Let i = -1 - -8. Let j = -3 + i. Let n = j - 2. What is the remainder when n is divided by 1?
0
Let x(c) = 5*c**2 - 2*c - c**3 + 2*c**3 + 4*c. What is the remainder when x(-4) is divided by 3?
2
Let q be ((-1)/(-2))/(1/10). Suppose 2*y - 59 = -q. Calculate the remainder when y is divided by 15.
12
Let y = 12 - 1. Let u(j) be the first derivative of -j**3/3 + 7*j**2/2 + 2. What is the remainder when y is divided by u(6)?
5
Suppose s + 16 = 30. What is the remainder when 22 is divided by s?
8
Suppose 0 = -3*o - 0 + 3. Suppose 5 + o = h. Calculate the remainder when h is divided by 3.
0
Suppose -2*w - 3*p = 0, 0 = 3*p + 2*p + 20. What is the remainder when w is divided by 2?
0
Let z = 20 + -4. Calculate the remainder when 76 is divided by z.
12
Suppose -2*g = -3*g. Suppose g = -p - 19 + 4. Let l = p + 23. What is the remainder when 22 is divided by l?
6
Let p(x) = x**3 + 11*x**2 - 2*x - 2. Let f(h) = -4*h - 1. Suppose -2*m - 1 - 3 = 0. Calculate the remainder when p(-11) is divided by f(m).
6
Let y(m) = 5*m - 1. Suppose 7*b - 5*b = 4. What is the remainder when 360/14 - b/(-7) is divided by y(3)?
12
Suppose 0 = -p + 3*i - 8 - 7, 0 = 5*i - 20. Let y = p + 8. Suppose -y*c + 42 = -18. What is the remainder when 23 is divided by c?
11
Let h = -8 + 20. Suppose -z + 19 = -h. Suppose -m = t - 1, 3*t = 4*t - 5*m - z. Calculate the remainder when 23 is divided by t.
5
Let d be 2*8/(-2)*-18. Let g be 6 + (3 + -1 - 5). Suppose 4*k - 148 = a - g*a, -a + d = 4*k. What is the remainder when k is divided by 12?
11
Let y be (1 + -2)/((-3)/15). Suppose 4*r - 268 = -4*n + y*n, -5*n = -r + 48. What is the remainder when r is divided by 14?
12
Let n = 48 - 31. What is the remainder when 66 is divided by n?
15
Let n = -21 - -27. What is the remainder when -2*-7*6/4 is divided by n?
3
What is the remainder when 21 is divided by 0/(20/(-5)) - -11?
10
Suppose -2*s + 0*q + 40 = 3*q, -2*q = -3*s + 60. Let z(u) = u. Calculate the remainder when s is divided by z(7).
6
Suppose 42 = 5*g - 4*t - 63, 3*g + 5*t = 26. Let a = 154 + -87. Calculate the remainder when a is divided by g.
16
Suppose -58 = -4*b - 38. What is the remainder when 15 is divided by b?
0
Let y(z) be the third derivative of z**5/60 + z**4/12 - 5*z**3/6 - 8*z**2. Calculate the remainder when 29 is divided by y(-5).
9
Let i be -1 - -12*(3 - 2). Suppose 139 = 4*s + i. Suppose 0 = -2*h + 5*n + 33, -s = 2*h - 4*h + 4*n. Calculate the remainder when h is divided by 8.
6
Let j be 6*(-1)/(-2) - 0. Suppose -5*m - 3*p + 191 = 0, -m + 6*p = j*p - 31. What is the remainder when m is divided by (52/6)/(12/18)?
11
Let d(y) = -2*y + 10. Let r be d(5). Suppose 2*f = -2*v + 6, -4*v - f + 0*f - 3 = r. What is the remainder when v/4*-26 - 3 is divided by 3?
1
Let j = -1 - -12. What is the remainder when j is divided by 3?
2
Suppose 0 = -2*r - 1 + 27. What is the remainder when 62 is divided by r?
10
Suppose 0 = 2*z - 6*z. Suppose -m - 4*m + 25 = z. Calculate the remainder when 12 is divided by m.
2
Let q = -5 - -7. Suppose 7 = -i + q*i. What is the remainder when 11 is divided by i?
4
Let n(c) = 28*c + 17. Let f(i) = 5*i + 4. What is the remainder when n(2) is divided by f(3)?
16
Suppose 3*n = -2*r + 23 + 1, 0 = -3*n - 3*r + 24. Let s(l) = l**2 - 3*l + 1. Calculate the remainder when s(n) is divided by 14.
13
Let j = 15 + 12. What is the remainder when j is divided by 4?
3
Let b be (-248)/14 + 8/(-28). Let r = b - -27. What is the remainder when 35 is divided by r?
8
Suppose 0 = -2*n + 95 - 33. Suppose 5*q = a + n, 7*a = 2*a + 20. What is the remainder when 10 is divided by q + (1 + 2)*-1?
2
Let w = 57 - 43. What is the remainder when 39 is divided by w?
11
Suppose -15*q = -21 - 564. What is the remainder when q is divided by 10?
9
Suppose -2*m = -2*q - 38, 4*m - 62 = -5*q + 23. What is the remainder when m/11 + 8/44 is divided by 1?
0
Let j = -4 + 12. Let d(c) = 8*c - 11. Calculate the remainder when d(j) is divided by 18.
17
Suppose 3*n + 2*p - 128 = 0, 2*p = 4*n - 48 - 118. Calculate the remainder when n is divided by 15.
12
Suppose -7*n = -9*n + 30. Calculate the remainder when n is divided by 9.
6
Let p(b) = -4*b - 6. Let x = -2 + 0. Calculate the remainder when 1/((-2)/(-84)) + x is divided by p(-5).
12
Suppose 3*v - 12 - 8 = 4*b, 3*v = b + 14. Suppose 332 = v*m - 2*y, 0*m - 5*y = -m + 101. Calculate the remainder when m is divided by 21.
18
Suppose 39 = 2*c + c. What is the remainder when 51 is divided by c?
12
Suppose -2*q = -5*m - 37 + 3, -4*m - 23 = -q. Let w be 2 - 7/(14/12). Calculate the remainder when (4/w)/((-2)/22) is divided by q.
4
Suppose -3*j + 8 = -1. Let w(f) = 5*f**3 - 3*f**2 - 4*f + 5. What is the remainder when w(j) is divided by 26?
23
Let l(z) = z**3 - 4*z**2 - 3*z - 1. Let s(i) = -i**2 + 5*i - 1. Suppose 4*y - y - 6 = 0. What is the remainder when l(5) is divided by s(y)?
4
Let l(t) = 6*t**2 - t**3 + 12*t - 10 - 4*t**3 + 4*t**3 + 2. Calculate the remainder when l(7) is divided by 16.
11
Let j(l) = 7 + l**3 - 6*l**2 - 3 - l**3 + l**3 + 3*l. Let s be j(5). Let m = 6 - s. What is the remainder when 46 is divided by m?
10
Let h(f) = f + 50. What is the remainder when h(16) is divided by 14?
10
Let q = 32 + -8. Suppose 0 = -5*r + 15*r - 700. Calculate the remainder when r is divided by q.
22
Let v(t) = t**3 + 5*t**2 + 11. Calculate the remainder when 42 is divided by v(-5).
9
Let u(y) = -y + 9. Calculate the remainder when 46 is divided by u(-7).
14
Suppose -4*z - 7 + 19 = 0. Suppose m + 78 = 4*v + z*m, -2*v + m + 37 = 0. What is the remainder when v is divided by 10?
9
Let g be 1/((-17)/9 + 2). Suppose 2*w - 2*s = 12, -3*w + w - 4*s = 0. Suppose g + w = i. What is th